the units digit of h?
7
Let j(l) = 79*l**2 + 2*l. What is the tens digit of j(1)?
8
Suppose 13 = -u + 2*i - 3, -8 = -4*i. Let j = u - -22. What is the units digit of j?
0
Let o(c) = c**3 - 5*c**2 + 2*c - 2. Let b be o(4). Let u = b + 12. What is the units digit of u?
2
Let y = 511 - 300. What is the tens digit of y?
1
Let d(u) = -5*u**2 + u**3 + 2*u - 5*u - 4*u + 6. Let v be d(6). Suppose 0 = 3*m - 4*i - 50, 3*i + 15 = v. What is the tens digit of m?
1
Suppose 5*t - 428 = -r - 18, -3*t + 3*r + 228 = 0. Suppose t + 59 = 5*i. What is the units digit of -2*1*i/(-8)?
7
Suppose -30 = -2*a - 8. What is the tens digit of a?
1
Let u be -177*(-4)/6*1. Suppose 3*j = 2*j - 2, -3*j + u = 4*v. What is the units digit of v?
1
Let n be 52/(-6) + 6/9. Let s be 15/10*-2*1. Let t = s - n. What is the units digit of t?
5
Suppose -5*z - 3*k = -15, -z - 3*k + 15 = 2*z. What is the units digit of 2*(z + -1) - -10?
8
Let w(k) = k**3 + 3*k**2 + 1. Let m be w(-4). Let c = m + 27. Suppose 0 = -5*y - d + 22, -3*y + 4*d + c = 2*y. What is the units digit of y?
4
Let u(l) be the second derivative of l**4/12 + 2*l**3/3 + l**2 - 3*l. What is the units digit of u(-5)?
7
Let s(g) = -2*g**2 - 1 + 3*g**2 - 2 - 3*g. Let p be s(3). What is the units digit of -1 - 10*p/3?
9
Suppose 5*z = -14 - 6. Let y be 6*5/(30/(-8)). Let q = z - y. What is the units digit of q?
4
Suppose -c + 2*w + 3*w = 23, 0 = w - 5. Suppose i - 3*i + 22 = c*z, -i + 56 = 4*z. Suppose -5*x + z = 0, -x - 1 = -2*r + 10. What is the units digit of r?
7
Let a(d) = d**3 + 8*d**2 - 3. What is the units digit of a(-7)?
6
Let w = 103 + 15. What is the units digit of w?
8
Suppose 0 = -3*b - 45. Let l = b - -30. What is the tens digit of l?
1
Let d(l) = -l**2 - l + 4. Let x be d(5). Let z = -10 - x. What is the tens digit of z?
1
Suppose 0*k = -5*k - p + 61, k + 2*p - 14 = 0. Let a be (6/(-4))/(k/(-16)). Suppose -o = o - a. What is the units digit of o?
1
Suppose p = l, 2*l + 6*p = p + 21. Suppose 42 = l*x - 78. What is the tens digit of x?
4
What is the tens digit of ((-13)/13)/((-2)/146)?
7
Let i be (-40)/6*(1 + -4). Let o(p) = p**2 + 15*p + 17. Let m be o(-14). Suppose 4*b = 3*b + 5*u - i, m*b - 10 = u. What is the units digit of b?
5
Suppose 2*i - 10 = 0, -2*s - s - 4*i = -104. What is the units digit of s?
8
Let k be (-2 - 0/2) + 2. Suppose -4*n + k*n = -32. Suppose 2*x = u + 7, 20 = -4*u + n. What is the units digit of x?
2
Let k(i) = i + 3. Let u be k(3). Let x = u + -16. What is the units digit of 2/x - 61/(-5)?
2
Suppose 5*u - 4*h + 0*h = 22, 0 = -u - 2*h - 4. What is the units digit of 1/(u/4)*4?
8
Let h(w) = -w**2 - 8*w - 1. Let u be h(-6). Let v be (2*-1)/(4/(-6)). Suppose -u = -3*y + 5*a, 3*y + 2*y + v*a - 7 = 0. What is the units digit of y?
2
Suppose -5*y = 4*p - 20, 0 = -p - 3*p. What is the units digit of y?
4
Let v be 4/12 - 26/6. Let j = v + 7. What is the units digit of j?
3
Let o(p) = -p**2 - 10*p + 4. Let v be o(-10). Let c = 4 + -1. Suppose -c*d + 5*i = -18, -5*d + i = -4 - v. What is the units digit of d?
1
Let q = 273 - 124. What is the tens digit of q?
4
What is the tens digit of -1*(-2 - -120)/(-2)?
5
Suppose -g + 12 = -5*t, -4*g - 12 = -7*t + 2*t. Suppose m = 2*m - 14. Let d = g + m. What is the units digit of d?
6
Let z = -405 - -579. What is the tens digit of z?
7
Let g(w) = 7*w**2 - 2*w - 1. Let o be g(-1). Let u = o - 11. Let l = u + 6. What is the units digit of l?
3
Let q be 360/(-27)*6/(-4). Suppose -15*c = -q*c + 210. What is the tens digit of c?
4
Let m(i) = 19*i**2 - 8*i - 22. What is the units digit of m(-3)?
3
Let s(k) = k**2 - 10*k + 16. Let f be s(8). Let a(r) be the second derivative of r**3/6 + 4*r**2 - r. What is the units digit of a(f)?
8
Let f = 7 - 6. Suppose s - 2 = -f. What is the units digit of s?
1
Suppose -3*d - 564 - 972 = -5*v, 4*d = -4*v + 1216. What is the hundreds digit of v?
3
Let i(z) = -39*z + 11. What is the hundreds digit of i(-3)?
1
Suppose 2*h = 2*o + 167 - 17, -324 = -4*h - 2*o. What is the units digit of h?
9
Let w = 76 + -21. What is the units digit of w?
5
Let u = 18 - 18. Suppose -3*z = 6 - 18. Suppose -i - 5*t = -u*i + 19, -z*t = 5*i + 11. What is the units digit of i?
1
Let a(u) = 10*u**2 - 3*u + 2. What is the units digit of a(1)?
9
Let m(u) = -u - 4. Let b(v) = -3*v - 9. Let z(f) = 2*b(f) - 5*m(f). Let s = 5 - 10. What is the units digit of z(s)?
7
Suppose 0 = o + 3*o. Let w(m) = -4*m**2 - 3*m + 24. Let h(a) = a**2 + a - 8. Let y(f) = -7*h(f) - 2*w(f). What is the units digit of y(o)?
8
What is the hundreds digit of 1845/12 + (-3)/4?
1
Suppose 3*j = -15, -h + j + 37 = h. Suppose -4*w + 0 = h. Let i(f) = -5*f - 6. What is the units digit of i(w)?
4
Let q(h) = -h - h + 3*h + 3. Let y be q(0). Suppose y*d - 6*d = -6. What is the units digit of d?
2
Suppose 4*j - 744 = 2*j. What is the tens digit of (-4)/(-14) - j/(-21)?
1
Let f(a) = -a**3 - a**2 - 2*a - 5. What is the units digit of f(-3)?
9
Let d = 10 - 12. What is the units digit of (-3)/d*(12 + -10)?
3
Suppose -y + 3*k = -20, -10 = -y + k + 2. What is the units digit of y?
8
Let h(o) = -9*o. Let b be h(-1). Suppose 0 = b*g - 7*g - 50. What is the units digit of g?
5
Let g(k) = k**2 + 3*k + 5. Let o be g(-2). Suppose -2*v + 3 = t, 2*t - o = -v + 9. What is the units digit of t?
7
Let f(x) = -6*x + 12. Let j be f(11). What is the tens digit of (-2)/9 + (-2280)/j?
4
Suppose 4 - 34 = -5*y. Let b = 2 + -4. Let m = b + y. What is the units digit of m?
4
Let v be -3*3/(12/(-16)). What is the units digit of (v/(-10))/(6/(-135))?
7
What is the tens digit of 61 + 3 + -6 + 0?
5
What is the units digit of -1 - 27/((-9)/3)?
8
Let w = 115 - 66. Let r = 71 - w. Suppose 3*v + 65 = 5*k - 0*v, -2*k + r = -2*v. What is the units digit of k?
6
Let u = -6 + 11. Let s = u + -8. Let k(g) = -g**3 - 4*g**2 - 5*g - 4. What is the units digit of k(s)?
2
Let q(h) = -h + 8. Let y be q(12). Let x = y + 15. What is the tens digit of x?
1
Let b(y) = 3*y - 5*y**2 + 0*y**3 - 2*y + 3 + y**3. What is the units digit of b(5)?
8
Suppose -5*z = -0*z. Suppose 4*o = -z*o - 32. What is the units digit of o/(-12) - (-10)/3?
4
Suppose 4*l + 60 = 9*l. What is the tens digit of 32/l*6*2?
3
Suppose 4*f + 5 = -15. Let q(g) = 2*g**3 - 7 - 9*g + g - g**3 + 4*g**2. What is the units digit of q(f)?
8
Let h(p) = p - 2. Let i be h(4). Let o be 0/(2/i*-2). Suppose 0 = -u + 5*d - 8, 0 = -2*d - o*d + 4. What is the units digit of u?
2
Suppose 3*g - 231 = 2*g + 3*k, 466 = 2*g - 5*k. What is the units digit of g?
3
Let p(n) = n**2 - 4*n - 2. Let t be p(2). What is the units digit of 1*-6*4/t?
4
Let y be 1*(-1 - -2) - -2. Let o be (-3)/y - (-2)/2. Suppose o = -2*d + 25 - 9. What is the units digit of d?
8
Let v(c) = 50*c**2 - c. What is the hundreds digit of v(2)?
1
Suppose -4*r + q + 1287 = 0, 5*r - 5*q = r + 1299. What is the hundreds digit of r?
3
Let w(b) = 9*b + 26. What is the units digit of w(7)?
9
Suppose -2*d - 4 = -d. What is the tens digit of d/(-18) - (-4620)/108?
4
Let x(j) = j**2 - 3*j + 6. Let g be x(4). Let n be 5/(g/(-24)) - 0. Let z = 17 + n. What is the units digit of z?
5
Let z be (-6 + 6)/(3 - 1). Suppose o + 3 = 0, 12 = 3*s - z*o + 3*o. What is the units digit of s?
7
Let r = -19 - -20. What is the units digit of r?
1
Suppose -j = -4 - 4. Suppose 3*b = 7*b - j. What is the units digit of b - 3 - 7/(-1)?
6
Suppose -5*f + 20 = 15. Let n(s) = 44*s - 1. What is the units digit of n(f)?
3
Let y(t) = -4*t - 14. What is the tens digit of y(-6)?
1
Let a(o) = o**3 - 2*o**2 - 4*o + 3. Let t be a(3). Suppose -29 = -s + 3*n, -3*s + n + 38 + 25 = t. What is the tens digit of s?
2
Let i = 11 + 1. Suppose i = h - 2. What is the tens digit of h?
1
Suppose -138*p + 745 = -133*p. What is the units digit of p?
9
Let n be 147 - (6 + (-3 - 1)). Suppose 2 = 2*h, -5*m - 5*h = -0*h - n. What is the units digit of m?
8
Let y(i) = -6*i - 8. Let d be y(-6). What is the tens digit of (-114)/(-8) + (-7)/d?
1
Suppose 0 = -2*m + 10, 3*m + 0*m - 16 = -s. Let o = 0 + s. What is the tens digit of 19/2 - o/(-2)?
1
Suppose 5*y - t - 24 = 0, t = 3*y + y - 19. Suppose 0 = -2*f + 4*p, 4*f + 3*p = y + 6. Suppose -3 + 37 = f*c. What is the tens digit of c?
1
Suppose 8 = 5*p - 2. Suppose -5*q - 2*b + 122 = 20, -p*q + 2*b = -52. What is the tens digit of q?
2
Suppose 0*z 